
Calculate (11 - (22 - 9)) + 0.
-2
What is the value of (2 - 3) + 3 + 2 - 1?
3
Calculate -3 + -9 + -2 + 8.
-6
(2 - 9 - -1) + (-3 - -12)
3
-8 - 3 - -3 - -13
5
Calculate -6 - ((-7 - 0) + -3).
4
What is 1 - 1 - (-8 - -7) - -4?
5
Evaluate 7 + -4 - (7 - -2).
-6
5 + (8 - (19 + -10))
4
(-2 - (-8 + 4)) + (7 - 4)
5
What is 15 + 1 + -10 - (-2 + -1)?
9
7 + -2 + -17 + 7 - 1
-6
0 + -2 - (6 - 10)
2
Evaluate -1 + -5 + -3 + 4.
-5
Calculate 6 + (-5 - -2) - 4 - 1.
-2
Evaluate -7 - (-7 - 1 - (-12 + 17)).
6
Calculate -4 + 3 + -2 + 0 - -2.
-1
(16 - 15 - (-2 - 0)) + -13
-10
Evaluate -19 - -20 - (1 - (2 + -1)).
1
What is the value of -1 - ((2 - 2) + (11 - 9))?
-3
Evaluate -2 + (-4 - 0) - -3.
-3
Calculate -3 + (0 - -2) + 5.
4
What is the value of 3 - (-9 - 0) - 5?
7
-7 + (-8 - -10 - -10)
5
What is the value of (40 - 47) + 9 + 0?
2
(-2 - 6) + 1 + (1 - -4)
-2
Calculate (4 + -13 - -12) + -4.
-1
Evaluate -4 + 4 + -4 - -4.
0
What is -3 + 13 - 4 - 6 - -10?
10
What is 5 + 25 + -31 + (9 - 0)?
8
What is -14 + (22 - (-6 + 17))?
-3
Evaluate 2 + -9 + (13 - 10).
-4
Evaluate -8 + 5 + (-3 - (2 - 3)).
-5
(-3 - -2 - -1) + (5 - 3)
2
What is the value of 1 - (2 + (-1 - 2))?
2
24 - -7 - 27 - (0 - 2)
6
Calculate (-13 - -10) + -1 + -1.
-5
Calculate -1 + -5 - (7 + -5 - 9).
1
Calculate -1 + -4 + 4 - -1.
0
What is the value of 1 - -6 - 6 - (-1 - -2)?
0
Calculate -9 - (0 - (4 - -1)).
-4
Calculate 4 + (1 - 9) + 7.
3
Calculate 1 - (4 - 2) - -6.
5
(-5 - -2 - -2) + (5 - 1)
3
What is -7 + (3 - 1) + 2?
-3
What is the value of 74 + -79 + (0 - -4)?
-1
-1 + -7 + -4 + 11
-1
What is 12 - (6 + (3 - (2 + 1)))?
6
Calculate (2 + -1 - 7 - -3) + 0.
-3
(-2 - 2) + 0 - -4
0
0 + -2 + -4 + 7 - -4
5
3 - ((1 - (-3 - -3)) + 6)
-4
What is 3 - (8 - (-2 - -6))?
-1
Evaluate 3 - (-5 + 0 + 4 + -2).
6
Calculate 6 - (-2 + (-1 - (0 - 3))).
6
What is the value of (2 - 2) + 0 + 1?
1
Calculate -6 + -5 + 16 + -7.
-2
What is the value of (3 + 0 - 10) + 4?
-3
(-4 + 0 - (-1 + -2)) + 6
5
What is -1 - -1 - (-33 + 29) - 0?
4
Evaluate 3 + 4 + 5 + (-10 - -3).
5
What is the value of 0 + 0 + 0 - (-89 - -94)?
-5
What is the value of 7 + (10 + -6 - -1) - 5?
7
What is the value of -11 + (5 - 0) + 1?
-5
What is 0 + -3 + 5 - (-1 - 0)?
3
Evaluate 5 + -5 + 5 + -17 + 7.
-5
Calculate 4 + (-2 + -14 - -7).
-5
What is -4 + (0 + 5 - 1)?
0
What is 4 - (-1 + (2 - -1))?
2
What is 0 + 4 - (-2 - -7)?
-1
Calculate -3 + 0 + 6 + 1.
4
Calculate -1 + 5 - 6 - -7.
5
What is the value of -4 - (-1 + -3 + -2 + 0)?
2
What is (4 - -4) + (-5 - (2 + 8))?
-7
1 + (0 - -1 - -3)
5
What is the value of 8 - 2 - (-8 - 1 - -12)?
3
119 + -117 - (2 + 0 - 0)
0
Evaluate -1 + 5 + (14 - 22) + 2.
-2
Evaluate -4 - (-17 + 16 + 2 + 0).
-5
(-6 - -4 - 4 - -3) + 1
-2
What is 6 - (2 + -7) - 4?
7
Calculate -9 + 5 + (-2 + 1 - -10).
5
Calculate 0 + (0 + -4 - (2 + 0)).
-6
Evaluate 1 - 15 - (-4 - 4).
-6
3 + 6 + -7 + 3 + -3
2
What is (-33 - -34) + (6 - (-1 - -1))?
7
2 - ((4 - 5) + 2)
1
Evaluate -8 - (-1 - (-7 - (-18 - 4))).
8
What is -10 + 19 + -13 + 0?
-4
Calculate -5 + (2 - (2 + -3)).
-2
3 - 8 - (1 - 2)
-4
0 + -1 + (-123 - -126)
2
Calculate 8 - 3 - (9 - 3 - 1).
0
Calculate 11 + (6 + 3 - 13).
7
What is -11 + 8 - (-6 + -2 - 0)?
5
What is 0 + 1 - 4 - (0 - 0)?
-3
Evaluate 11 - (-1 + 5) - 11.
-4
What is the value of (-3 - -13) + -2 - 4?
4
-5 + 3 + -5 + 10
3
What is -1 + 0 + 8 + -9 + 7?
5
What is the value of ((-2 - -1) + 1 - -4) + -6?
-2
-2 + -2 + 22 + -18
0
What is the value of (3 - -1) + (-4 - 3) + 3?
0
Evaluate 3 + -11 + (-1 - -5).
-4
Calculate (-7 - (5 - 6)) + 2 + 5.
1
What is the value of (4 - (10 - 5)) + -2 - -2?
-1
Evaluate -21 - (12 - (6 - -17)).
-10
Calculate -6 + 6 - 5 - -9.
4
Evaluate (12 - 3) + 0 + -15.
-6
What is the value of -13 - -8 - (-2 + 2 - 0)?
-5
-4 + -7 + 11 + -3
-3
Evaluate -2 + 0 - (8 + (4 - 8)).
-6
Calculate 62 - 57 - (0 + (1 - -1)).
3
(-2 + 10 - 2 - 3) + -8
-5
-3 - -5 - -1 - -2
5
-4 + -3 + (4 - 0)
-3
What is 5 - (1 + -1) - (22 - 12)?
-5
0 + 4 + (2 - 4) + -1
1
What is (0 - (9 - 2)) + 1 + 3?
-3
What is 1 + (1 - -1) - (2 - 3)?
4
(6 - -4 - 2) + -3
5
Calculate (7 - (4 - 1)) + (-5 - -5).
4
2 + 1 + -6 + 1 - -8
6
What is 1 - (1 - (-3 - -1))?
-2
Calculate -7 + (-4 - 3) - -5 - -8.
-1
What is the value of (7 - (4 + 4 + -4)) + 1?
4
What is (1 - (-4 - 0)) + -2 - 0?
3
What is the value of 3 - (-11 + 5) - 8?
1
Calculate (9 - 21) + 21 - 6.
3
What is the value of (10 + -3 - 5) + (1 - 7)?
-4
Evaluate -2 - (-1 + (0 - (-1 - -4))).
2
What is the value of -11 - (0 - 11) - 4?
-4
What is 6 - -1 - (-18 + 25 - -4)?
-4
What is -3 + (-3 - -4) + -2 + 3?
-1
(2 - (-3 + -2)) + -33 + 32
6
What is -5 - (-3 + (-2 - (-2 - 1)))?
-3
-4 + (-8 - -4 - -9)
1
What is the value of 12 + -1 + (24 - 31)?
4
What is the value of 7 + -4 + 2 - 2?
3
3 - ((0 - -5) + -5)
3
What is the value of 0 + (1 - -3) + (2 - 4)?
2
What is the value of (-4 + 2 - 1) + 55 + -52?
0
1 - ((7 - 4) + -6 + 1)
3
Evaluate 3 - (-4 - -7 - -3).
-3
What is (652 - 644) + (-5 - -1 - 0)?
4
What is -6 + (-3 - (-4 + -1)) + -1?
-5
Calculate -3 + 1 + 3 + 1 - 0.
2
What is the value of -2 + (1 - 2 - 2)?
-5
Calculate 4 - (-14 - (-7 + -5)).
6
What is -40 + 27 + -4 + 12?
-5
Calculate -4 + 3 + 7 + -1.
5
What is the value of -3 - (2 + 1 - (0 + 7))?
1
1 - -3 - -1 - (2 + -1)
4
25 - 21 - (-1 - -6)
-1
7 + 7 + -18 - -10
6
(-29 - -29 - (0 - -1)) + 0
-1
Calculate 1 + 1 - (-4 - -4 - -5).
-3
What is the value of 0 + (3 - -1) + -6 + 4?
2
Evaluate (6 + -5 - -2) + -2.
1
Calculate -12 + 2 + 25 + -18 + 7.
4
Evaluate -7 + (0 - (-4 - -3) - -2).
-4
Evaluate 3 + 0 - (-7 - (-10 + -1)).
-1
What is 2 + -2 + (1 - -3)?
4
What is the value of 4 - (7 + -5) - (-1 - -6)?
-3
Calculate (13 - 5) + 1 + -7 - 7.
-5
Evaluate -7 - 1 - -2 - -2.
-4
What is -5 + 0 - (-54 + 51)?
-2
Calculate -11 - (-26 + 8 - -1).
6
Evaluate 3 + (-2 - -3) + -2 + 3.
5
Evaluate -9 - (-1 - (7 + -3)).
-4
What is (4 - 5) + -2 + 4?
1
Evaluate (-4 - -4) + (-2 - 3).
-5
4 + -7 + 1 - 1
-3
Calculate -17 + 2 - (-2 + -17 + 14).
-10
What is 30 - 41 - (2 + -17)?
4
-2 + (2 - 1 - (-2 + 3))
-2
Calculate (-2 - (3 + -1 - -3)) + 3.
-4
1 + (4 + 0 - 4)
1
What is the value of 7 - 1 - (2 + 1)?
3
Evaluate -2 + 10 - (3 - 0).
5
(-1 - -5) + 7 + -3 + -1
7
Evaluate -13 + ((-2 - 0) + 8 - 0).
-7
-7 + 13 - -1 - 2
5
Evaluate 36 + -42 - (3 + -1).
-8
Calculate (-9 - 1) + 5 + 6 - -1.
2
-1 - 2 - (-3 - 0)
0
What is -5 - (5 - (7 - (-7 - -5)))?
-1
What is 40 - 52 - (-1 - 10)?
-1
Calculate -1 + 0 + (-47 - -50).
2
Evaluate 1 - -1 - (13 - 8).
-3
1 + -9 + 112 + -110
-6
What is the value of (-2 - 0) + -5 + (-1 - -6)?
-2
Evaluate (-7 - (0 - 8)) + 0 - 5.
-4
Evaluate 4 + (-5 - 0) + 5.
4
What is the value of -17 - -12 - (-1 + 1)?
-5
-27 + 25 - (2 - 1)
-3
9 - -7 - (10 - 1)
7
What is 1 + -4 - (1 + -6)?
2
-1 + (-8 - -8) + -1 + -3
-5
What is the value of -4 + 7 + (-6 - -2)?
-1
Evaluate 9 + -4 - 11 - -4.
-2
(4 - 6) + -8 + 11
1
What is -9 - (2 - (9 + 1))?
-1
What is the value of -4 - 0 - (-1 + (-4 - -5))?
-4
2 + (10 + -9 - (-1 - 1))
5
Evaluate (-3 - (-6 - -6)) + -2.
-5
Calculate 6 + 1 + -3 + (-1 - 2).
1
-11 + (-8 - 1) - -12
-8
What is -4 + (-15 + 13 - (0 + 0))?
-6
What is -2 - (4 + 0 + (3 - 4))?
-5
Evaluate 6 + -3 + 4 + -12 + 6.
1
Evaluate (-10 - -5) + 9 + -7.
-3
What is the value of (1 - 1) + (-21 - -16)?
-5
-4 + 2 - (-3 - -4 - 5)
2
Evaluate 1 - (7 - (3 + (7 - 7))).
-3
Evaluate 7 - (-5 + (-2 - -8)).
6
1 + 1 + -1 + 3
4
What is -12 + (21 - -4) + -9?
4
Calculate (7 - -1) + -2 + -3 + 1.
4
Calculate 2 - (-3 - -4) - (4 + -1).
-2
Evaluate (-3 + -1 - -10) + -7.
-1
Evaluate -7 - (-13 - -1 - -6).
-1
0 + 2 + 14 + 3 + -15
4
Evaluate -3 - (-1 - 0) - -3.
1
Calculate 2 - -3 - (3 - (-1 - -4)).
5
Calculate 6 + (4 - 5 - 4).
1
Calculate (-6 - -2) + (-6 - -6) - -4.
0
What is 2 - 6 - (-2 + 0 + -3)?
1
What is the value of 11 - (5 - (3 + -4))?
5
What is 4 + 1 - (-14 + (24 - 14))?
9
2 - (-5 - (-8 + 1))
0
Evaluate -6 + 3 + (-6 + 5 - 1).
-5
What is the value of (43 - 44) + (0 - -4) + 0?
3
What is the value of -1 + 3 + (-5 - -5)?
2
Calculate (-4 + 1 - 1) + 4 + 0.
0
Evaluate (0 - (2 + 0)) + (-6 - -5).
-3
2 + (-1 - -1) - 5 - -6
3
Evaluate (-2 - (2 - 1)) + -1.
-4
What is 4 - -1 - (18 - 18)?
5
What is 7 - (0 + 4) - 7?
-4
What is the value of -7 + 1 - (-4 + -8)?
6
4 + (-8 + 13 - 4)
5
Calculate (-6 - -11) + 1 + -8.
-2
What is the value of 2 - 1 - (-1 + 3)?
-1
What is the value of -7 + (22 + -8 - 4)?
3
Evalua